Is 20071315021 prime?
False
Is 5432914717 composite?
False
Is 87588043 composite?
True
Is 2013475166 a composite number?
True
Is 32811142751 a composite number?
True
Is 198325313 a prime number?
False
Is 83939604809 a composite number?
False
Is 12485005681 a composite number?
False
Is 1770142427 a composite number?
True
Is 180935617 a prime number?
False
Is 3748365559 composite?
False
Is 121693298761 a prime number?
False
Is 1945439891 prime?
True
Is 58126877 a composite number?
True
Is 643400391 a composite number?
True
Is 20519675521 composite?
False
Is 633571019 composite?
True
Is 1891026019 a prime number?
False
Is 538446674 prime?
False
Is 330774403 composite?
True
Is 826376213 a composite number?
True
Is 2318736053 composite?
True
Is 385400797 a prime number?
True
Is 9274434719 composite?
True
Is 2514455459 prime?
False
Is 139507858019 a prime number?
False
Is 964978709 prime?
False
Is 47729937257 a composite number?
True
Is 2596641501 composite?
True
Is 20740350955 a composite number?
True
Is 7421422387 composite?
False
Is 2460270101 a prime number?
True
Is 563355209 a composite number?
False
Is 22324535043 a composite number?
True
Is 119922001 composite?
False
Is 8958113869 prime?
False
Is 261385468615 prime?
False
Is 13712420701 composite?
True
Is 2730539827 a composite number?
False
Is 25146698657 a composite number?
True
Is 9977851111 a prime number?
True
Is 391784033 a composite number?
True
Is 325097777 a composite number?
False
Is 77321401247 a prime number?
True
Is 5228491739 a prime number?
True
Is 138164609629 prime?
True
Is 1086598831 a composite number?
True
Is 30148907662 prime?
False
Is 42159834083 a composite number?
False
Is 296241503 a prime number?
False
Is 5780850157 prime?
True
Is 4934635997 a composite number?
False
Is 3328386441 a prime number?
False
Is 451033403 a composite number?
True
Is 706581983 composite?
False
Is 2377610773 composite?
False
Is 2234867443 composite?
False
Is 63135648461 composite?
False
Is 19343124337 a composite number?
False
Is 449847187 a composite number?
False
Is 172348106627 a prime number?
False
Is 22176287641 a prime number?
False
Is 21032881 prime?
False
Is 1116311866 composite?
True
Is 1368485647 prime?
False
Is 28232142269 a composite number?
False
Is 2818223285 composite?
True
Is 81134698901 a prime number?
False
Is 1244509003 composite?
True
Is 6231768331 a prime number?
False
Is 4848792413 composite?
True
Is 2563498271 composite?
True
Is 2529285037 prime?
False
Is 5318365627 composite?
False
Is 440489190437 a prime number?
True
Is 1141746169 a prime number?
True
Is 22685569063 a prime number?
False
Is 3733195003 prime?
True
Is 15807768082 a composite number?
True
Is 492486562493 a prime number?
True
Is 17763954647 composite?
True
Is 23236026977 a composite number?
True
Is 2756404331 composite?
False
Is 195316787 composite?
False
Is 4783200557 prime?
False
Is 10173379469 a prime number?
False
Is 2066910437 a composite number?
False
Is 1237991577 prime?
False
Is 4843893658 a composite number?
True
Is 119807128871 a prime number?
True
Is 706056683 composite?
False
Is 3897337433 composite?
True
Is 5211359833 prime?
True
Is 96755952445 a prime number?
False
Is 20595427 prime?
False
Is 11393698579 a prime number?
False
Is 2143154821 composite?
False
Is 11088805253 a prime number?
True
Is 2550312803 a composite number?
False
Is 116683292413 a composite number?
True
Is 30599265643 a composite number?
False
Is 117927356903 a composite number?
True
Is 11489996741 a prime number?
False
Is 16905350155 prime?
False
Is 247813327 composite?
False
Is 4278722587 a prime number?
False
Is 181653653 a prime number?
False
Is 110896859383 prime?
True
Is 132502717 composite?
False
Is 6517160479 a composite number?
True
Is 71900465281 composite?
True
Is 5050804141 prime?
True
Is 1597775357 a prime number?
False
Is 13601634173 composite?
False
Is 39776904647 prime?
False
Is 573625879 composite?
True
Is 35103221381 prime?
False
Is 625107023 composite?
False
Is 8596185671 a prime number?
True
Is 25836391151 prime?
True
Is 328771631 prime?
False
Is 20283348791 a composite number?
False
Is 801070043 prime?
False
Is 33100188469 a composite number?
False
Is 76541683719 prime?
False
Is 2130209141 prime?
True
Is 179809013 prime?
False
Is 210620899 composite?
False
Is 253864893571 prime?
False
Is 32252416345 prime?
False
Is 70089270871 a prime number?
False
Is 5723310829 a prime number?
True
Is 122800457 composite?
True
Is 15636349837 a composite number?
False
Is 9998017871 composite?
False
Is 258786713645 prime?
False
Is 552260537 a composite number?
False
Is 3612307087 composite?
True
Is 20797651727 a prime number?
False
Is 10064585827 composite?
True
Is 130410173081 a prime number?
True
Is 1386605743 prime?
True
Is 201245141 a prime number?
True
Is 36081805313 a prime number?
True
Is 625666597 a composite number?
False
Is 56729296577 composite?
False
Is 358638173 a prime number?
False
Is 22161714067 a prime number?
True
Is 283822151 composite?
True
Is 57985663397 prime?
True
Is 7072837673 prime?
False
Is 149552619001 composite?
True
Is 47624808689 composite?
False
Is 2448159719 a composite number?
False
Is 20235203147 a composite number?
True
Is 47165375623 composite?
False
Is 4443260093 a composite number?
False
Is 661006321 prime?
False
Is 2967135907 composite?
True
Is 10733122823 composite?
True
Is 6140903711 a prime number?
True
Is 152134663 a composite number?
True
Is 4866756098 prime?
False
Is 39021945946 composite?
True
Is 4073674001 a composite number?
True
Is 30613763359 prime?
False
Is 628669789 a prime number?
False
Is 1036893047 prime?
False
Is 36223105889 composite?
False
Is 1299901417 prime?
False
Is 655426379 prime?
True
Is 1298487571 prime?
True
Is 23474622623 prime?
True
Is 1000567831 a prime number?
False
Is 32298285479 a composite number?
False
Is 124587607 a composite number?
True
Is 443130067 composite?
False
Is 11000432837 a composite number?
False
Is 414019703 a composite number?
False
Is 279901829 composite?
False
Is 679339333 a prime number?
False
Is 37210498427 prime?
True
Is 201928605043 a prime number?
False
Is 7399308511 a composite number?
True
Is 10485111817 a composite number?
True
Is 1326880103 composite?
False
Is 633606367 a prime number?
True
Is 623472691 a composite number?
True
Is 7285573 prime?
False
Is 1484343503 composite?
False
Is 167575025539 a composite number?
False
Is 71551713059 prime?
True
Is 30858412363 prime?
False
Is 7842745217 composite?
True
Is 7117035683 prime?
True
Is 18558138979 composite?
False
Is 858427501 composite?
False
Is 65903054579 prime?
True
Is 59878187843 a composite number?
False
Is 46856454041 prime?
True
Is 661387633 prime?
False
Is 449624027 a prime number?
True
Is 9612685867 a composite number?
False
Is 356401681 prime?
True
Is 1534027667 composite?
False
Is 26746820521 a composite number?
False
Is 2665407721 composite?
False
Is 4011947391 prime?
False
Is 194619647 a prime number?
True
Is 30573304417 composite?
False
Is 1112033303 a composite number?
True
Is 9451912237 a prime number?
True
Is 36921240238 a prime number?
False
Is 1665699143 a prime number?
True
Is 1407226133 composite?
False
Is 146346367 prime?
True
Is 306660259 a prime number?
True
Is 1862913991 a prime number?
True
Is 247856203 prime?
False
Is 30852815678 a prime number?
False
Is 8511829451 a prime number?
False
Is 65328738721 a prime number?
True
Is 550407493 composite?
True
Is 1589368849 prime?
True
Is 9398431109 composite?
False
Is 1588860499 a prime number?
True
Is 93609733153 a prime number?
True
Is 1242565946 composite?
True
Is 55691626895 prime?
False
Is 6757886593 a prime number?
False
Is 18158016873 prime?
False
Is 12945000241 prime?
True
Is 1438541749 a composite number?
False
Is 94906418881 prime?
True
Is 4811502671 a prime number?
True
Is 41362328437 a composite number?
True
Is 1319472727 a composite number?
True
Is 218299313 a composite number?
False
Is 1804971565 prime?
False
Is 7171360913 composite?
True
Is 700241147 a prime number?
True
Is 1391340203 composite?
True
Is 10233467663 prime?
False
Is 1352446565 composite?
True
Is 5291621 a prime number?
True
Is 21087075563 prime?
False
Is 3418104533 prime?
True
Is 3435339533 a prime number?
False
Is 49527